{"id":976,"date":"2017-03-11T10:44:51","date_gmt":"2017-03-11T15:44:51","guid":{"rendered":"https:\/\/tachenko.com\/etachenko\/?page_id=976"},"modified":"2017-03-12T23:09:26","modified_gmt":"2017-03-13T04:09:26","slug":"coronan-a-jimmy","status":"publish","type":"page","link":"https:\/\/tachenko.com\/etachenko\/ed-22-may-28-2000\/coronan-a-jimmy\/","title":{"rendered":"Coronan a Jimmy"},"content":{"rendered":"<div id=\"dslc-theme-content\"><div id=\"dslc-theme-content-inner\"><h1><span style=\"color: #666699;\"><em>Volvi\u00f3 y Cay\u00f3<\/em><\/span><\/h1>\n<p class=\"JAS_Main_Title\">Coronan a Jimmy<\/p>\n<p class=\"JAS_Insertos_Tipo_Reuter\">Por: John Smith<\/p>\n<p><img loading=\"lazy\" decoding=\"async\" class=\"alignleft size-full wp-image-1018\" src=\"https:\/\/tachenko.com\/etachenko\/wp-content\/uploads\/2017\/03\/Jimmy.jpg\" alt=\"\" width=\"158\" height=\"219\" srcset=\"https:\/\/tachenko.com\/etachenko\/wp-content\/uploads\/2017\/03\/Jimmy.jpg 158w, https:\/\/tachenko.com\/etachenko\/wp-content\/uploads\/2017\/03\/Jimmy-108x150.jpg 108w\" sizes=\"auto, (max-width: 158px) 100vw, 158px\" \/>Cuando todos pensaron que este apetecido soltero iba a permanecer c\u00e9libe de por vida, lleg\u00f3 una cale\u00f1a que rob\u00f3 su coraz\u00f3n y lo llev\u00f3 derechito al altar.<\/p>\n<p><strong>Jaime Alberto Gir\u00f3n Vergara,<\/strong> otro de los cerebros fugados colombianos que se encuentra viviendo actualmente en una ciudad vecina a la de su primo Alvaro Jos\u00e9, hab\u00eda quedado en el conocido, apetecido y nunca antes visitado Mercado del Usado luego de su primer matrimonio.<\/p>\n<p>Pasaron unos lustros y este fornido var\u00f3n cale\u00f1o dedic\u00f3 sus intereses exclusivamente al trabajo y olvid\u00f3se de los amores, pero un d\u00eda inolvidable cuando conoci\u00f3 a la bella y sensual <strong>Carolina Robayo<\/strong> sus piernitas te-tem-blaron al presenciar tanta hermosura hecha mujer y qued\u00f3 enamorado para de por siempre y hasta el capullo.<\/p>\n<p>Jimmy hab\u00eda partido hacia el exterior hace varios meses ya en b\u00fasqueda del anhelado sue\u00f1o americano. Y efectivamente lo logr\u00f3, actualmente duerme todo el d\u00eda. Resulta que se ha conseguido una chanfa con la \u00fanica inconveniencia de que le toca laborar por las noches ya que se trata de una empresa de aseo comercial y como los lectores podr\u00e1n imaginar, hacer las labores propias de tal menester es imposible de d\u00eda debido a la multitud, entonces Jimmy dirige su departamento de aseo en las horas de la noche, madrugada y amanecer. Resumiendo, Jimmy es un celador, pero de los finos!<\/p>\n<p>Debido a que el matri fue en las afueras del pa\u00eds donde actualmente vive Gir\u00f3n, la Direcci\u00f3n est\u00e1 imposibilitada para comentar los aspectos intr\u00ednsecos de la boda mas sin embargo cuenta con el valioso material del celuloide, mismo que fue aportado por Alvaro Jos\u00e9 en el env\u00edo electr\u00f3nico m\u00e1s grande de la historia, 15 megas que hicieron palidecer los rostros en el Departamento de Comunicaciones de E-ET cuando estaban bajando de Internet dicho mensaje a los servidores de la multinacional, lo que tom\u00f3 un tiempo poco m\u00e1s o menos de 76:34 horas. De lo anterior se deduce que la cuenta del tel\u00e9fono este mes ser\u00e1 impagable por parte de la Multi porque esto a punta de m\u00f3dem es duro. Gracias negrito, gracias !. Ve, yyy... te mando la cuentita, no?<\/p>\n<p>Lo \u00fanico que s\u00ed es pertinente comentar es que cuando Carolina llev\u00f3 al Director algunas tarjetas de la ceremonia para que repartiera entre los amigos, el Director vio con horror que la participaci\u00f3n del pobre Belisario \"Pana Raney\" Palacios no tra\u00eda invitaci\u00f3n, entonces se apiad\u00f3 de este pobre muchacho y en un acto de profunda amistad meti\u00f3 su propia tarjeta entre el sobre del Pana, quien ignorante del asunto qued\u00f3 encomendado de comprar el regalo ya que hab\u00eda sido \"invitado\" al matrimonio, para posteriormente partir el costo mediante el viejo y reconocido m\u00e9todo de La Vaca con el Director. S\u00ed, mucha gala !!!<\/p>\n<p>Gracias al chip este Pana no cumple ni a\u00f1os, es la \u00fanica vez que sus amigos han visto que la estrat\u00e9gica ma\u00f1ita le haya servido de algo. Claro, \u00e9l no compr\u00f3 nada y se quedaron sin dar regalo, detalle por el cual la nueva pareja Gir\u00f3n-Robayo se encuentra sumamente irritada con el Director por no enviar el detallito pues al fin y al cabo hab\u00edan tenido la delicadeza de invitarlo. \u00bfAl Pana?, n\u00f3j, ellos no se dieron ni cuenta de la bromita tan pesada que hab\u00eda hecho el Director a su amigo...<\/p>\n<p>El contubernio finaliz\u00f3 cuando el matrimonio hab\u00eda pasado, entonces un d\u00eda el Director con unos traguitos encima confes\u00f3 a su amigo juagado en la m\u00e1s rastrera de las risas la travesura cometida. Y el Pana... hizo PLOP!<\/p>\n<p>A nuestro gran y eterno amigo Jimmy y su consorte enviamos el mas caluroso abrazo de felicitaci\u00f3n y conmovidos les decimos que esperamos tengan muchos hijos para que los acompa\u00f1en en la vejez. \u2014JS<\/p>\n<p>\u00bfInstant\u00e1neas de la Boda?, CLAAARO !!!<\/p>\n<p>[su_custom_gallery source=\"media: 1022,1023,1024\" link=\"lightbox\" width=\"200\" height=\"124\" title=\"never\"]<\/p>\n<p>[su_label type=\"info\"]\u00a0\u00a0Fotos con el Patrocinio deeee: Alvaro Jos\u00e9 Gir\u00f3n\u00a0\u00a0[\/su_label]<\/p>\n<\/div><\/div>","protected":false},"excerpt":{"rendered":"<p>Volvi\u00f3 y Cay\u00f3 Coronan a Jimmy Por: John Smith Cuando todos pensaron que este apetecido soltero iba a permanecer c\u00e9libe de por vida, lleg\u00f3 una cale\u00f1a que rob\u00f3 su coraz\u00f3n y lo llev\u00f3 derechito al altar. Jaime Alberto Gir\u00f3n Vergara, otro de los cerebros fugados colombianos que se encuentra viviendo actualmente en una ciudad vecina [&hellip;]<\/p>\n","protected":false},"author":1,"featured_media":0,"parent":955,"menu_order":0,"comment_status":"closed","ping_status":"closed","template":"","meta":{"footnotes":""},"class_list":["post-976","page","type-page","status-publish","hentry"],"_links":{"self":[{"href":"https:\/\/tachenko.com\/etachenko\/wp-json\/wp\/v2\/pages\/976","targetHints":{"allow":["GET"]}}],"collection":[{"href":"https:\/\/tachenko.com\/etachenko\/wp-json\/wp\/v2\/pages"}],"about":[{"href":"https:\/\/tachenko.com\/etachenko\/wp-json\/wp\/v2\/types\/page"}],"author":[{"embeddable":true,"href":"https:\/\/tachenko.com\/etachenko\/wp-json\/wp\/v2\/users\/1"}],"replies":[{"embeddable":true,"href":"https:\/\/tachenko.com\/etachenko\/wp-json\/wp\/v2\/comments?post=976"}],"version-history":[{"count":15,"href":"https:\/\/tachenko.com\/etachenko\/wp-json\/wp\/v2\/pages\/976\/revisions"}],"predecessor-version":[{"id":1300,"href":"https:\/\/tachenko.com\/etachenko\/wp-json\/wp\/v2\/pages\/976\/revisions\/1300"}],"up":[{"embeddable":true,"href":"https:\/\/tachenko.com\/etachenko\/wp-json\/wp\/v2\/pages\/955"}],"wp:attachment":[{"href":"https:\/\/tachenko.com\/etachenko\/wp-json\/wp\/v2\/media?parent=976"}],"curies":[{"name":"wp","href":"https:\/\/api.w.org\/{rel}","templated":true}]}}