{"id":823,"date":"2017-03-11T03:13:51","date_gmt":"2017-03-11T08:13:51","guid":{"rendered":"https:\/\/tachenko.com\/etachenko\/?page_id=823"},"modified":"2017-03-15T04:12:37","modified_gmt":"2017-03-15T09:12:37","slug":"reconstruir-la-ciudad","status":"publish","type":"page","link":"https:\/\/tachenko.com\/etachenko\/estudio-en-profundidad\/reconstruir-la-ciudad\/","title":{"rendered":"Reconstruir la Ciudad"},"content":{"rendered":"<div id=\"dslc-theme-content\"><div id=\"dslc-theme-content-inner\"><p><span style=\"font-family: impact,sans-serif;\"><strong><span style=\"font-size: 36pt;\"><span style=\"background-color: #000000; color: #ffffff;\">Re<\/span>construir L<\/span><\/strong><\/span><em><span style=\"font-family: times new roman,times,serif; font-size: 36pt;\">a<\/span><\/em><strong><span style=\"font-family: impact,sans-serif; font-size: 36pt;\"><span style=\"background-color: #000000; color: #ffffff;\"> Ciudad\u00a0\u00a0\u00a0\u00a0\u00a0\u00a0 <br \/>\n <\/span><\/span><\/strong><\/p>\n<p class=\"JAS_Insertos_Tipo_Reuter\">Por: M.I. Ospina, M.A. C\u00e1rdenas, V.E. Valencia<\/p>\n<p>Se trata de saber qu\u00e9 \"realidad\" hay detr\u00e1s del decorado; lo que se encuentra son interacciones netamente cotidianas que han recibido algunas pinceladas humor\u00edsticas. Cabe anotar que esas pr\u00e1cticas diarias se desarrollan en la ciudad, reconocida como un espacio que posibilita el intercambio comunicativo entre varias maneras de pensar, sentir y de actuar; que tiene implicaciones sociales, econ\u00f3micas, pol\u00edticas y culturales, cuyo fin es el de poder ser a trav\u00e9s del discurso. Este espacio urbano es el contexto en donde las casas se multiplican, los edificios alcanzan varios pisos y se aglomeran, las redes de las calles se intensifican, los espacios verdes disminuyen progresivamente e incluso acaban por desaparecer, mientras que los peatones y veh\u00edculos aumentan cada vez m\u00e1s. La ciudad es una verdadera m\u00e1quina de producci\u00f3n y consumo; \u00e9sta concentra a los hombres y sus actividades, pero es sobre todo el lugar privilegiado donde se ejerce el poder. Es en la ciudad donde los hombres administran, organizan y reglamentan; es en ese espacio urbano donde se hace la historia de un pa\u00eds. La ciudad es, ante todo, un lugar donde vive gente, es decir, en lenguaje moderno, un espacio residencial; siendo a su vez, un lugar de producci\u00f3n y de distribuci\u00f3n de las cosas y las ideas.<\/p>\n<p>El espacio urbano es un espacio de circulaci\u00f3n, un fant\u00e1stico sistema de comunicaci\u00f3n y de intercambio. Todas las formas de actividad dentro de \u00e9ste deben encontrar su sitio correspondiente, y adem\u00e1s coexistir donde se da una intensa competencia entre los intereses privados y los de la comunidad urbana.<\/p>\n<p><em>\"La noci\u00f3n de ciudad como entidad que alberga diversidad de grupos sociales, como espacio en el que se establecen las relaciones entre estos grupos, como lugar en permanente adecuaci\u00f3n a los requerimientos sociales, conduce inevitablemente al reconocimiento de lo comunicacional. De la misma manera que los procesos comunicativos atraviesan las actividades sociales, la comunicaci\u00f3n subyace en la base de los productos construidos por el hombre y se asienta en las urbes donde se congregan los puntos centrales de la comunicaci\u00f3n social\".<\/em> <sup><strong><span style=\"color: #cc0000;\">5<\/span><\/strong><\/sup><\/p>\n<p>El director del \"Espori\u00f3dico\", por medio de \u00e9ste transforma la ciudad al incorporarla a la cr\u00f3nica; volvi\u00e9ndose un \"mir\u00f3n urbano\" que investiga la privacidad ajena, la interioridad de su grupo de amigos. Juan Andr\u00e9s averigua las experiencias vividas por sus camaradas para inscribirlas en su jocosa producci\u00f3n; por eso puede decirse que es <em>\"un cronista que en su paseo por la ciudad reinventa un espacio colectivo\"<\/em> <sup><span style=\"color: #cc0000;\"><strong>6<\/strong><\/span><\/sup> y en este caso exclusivo, en la medida en que recrea los acontecimientos que le ocurren a un grupo cerrado y concreto.<\/p>\n<p>Hay dos factores importantes: la exageraci\u00f3n de una realidad para que sea divertida, y el dispositivo del chisme que es utilizado en el relato.<\/p>\n<p>El mundo real se muestra de una manera jocosa al inyectarle humor a cada una de las diferentes vivencias y al ridiculizar los sucesos. Esto tiene que ver con que <em>\"la interpretaci\u00f3n de la realidad como un conglomerado de noticias responde a una expectativa p\u00fablica y a necesidades t\u00e9cnicas. La realidad social verdadera, en directo, se diluye a lo largo del d\u00eda y la noche, y parece lenta, difusa, aburrida. Corresponde por tanto a la actividad profesional llamada periodismo dar de la realidad social presente una versi\u00f3n concentrada, dramatizadora, sugestiva, que escoja lo m\u00e1s interesante de todo lo que se sepa que ha ocurrido y hasta lo retoque para ajustarla a las necesidades del tiempo y el espacio\". <\/em><sup><span style=\"color: #cc0000;\"><strong>7<\/strong><\/span><\/sup><\/p>\n<p>El chisme no s\u00f3lo se postula como un escuchar sino como un narrar la vida del otro; pero en <strong>El Tachenko<\/strong> \"la chiva\" no incluye a todos. Aqu\u00ed es notoria la exclusividad que construye la voz del chisme y los l\u00edmites ansiosamente protegidos de la \"comunidad\" reconstruida.<\/p>\n<p>Esta amena creaci\u00f3n fue realizada por un sujeto social que se encuentra inscrito en un espacio urbano que se moderniza, con la que pretende rescatar las pr\u00e1cticas cotidianas de sus amigos, utilizando como herramienta un medio impreso muy actual como lo es el peri\u00f3dico. \u2014MIO\/MAC\/VEV<\/p>\n<p><span style=\"color: #999999;\">_________________________________________<\/span><sup><span style=\"color: #cc0000;\"><strong><br \/>\n 5<\/strong><\/span><\/sup> <span style=\"font-size: 10pt; color: #31849b;\">Anuncio de investigaci\u00f3n de la comunicaci\u00f3n coneicci. La ciudad y la comunicaci\u00f3n. Universidad de Guadalajara. P\u00e1g. 12.<\/span><br \/>\n <sup><span style=\"color: #cc0000;\"><strong>6<\/strong><\/span><\/sup> <span style=\"color: #31849b; font-size: 10pt;\">RAMOS, Julio. Decorar la ciudad: Cr\u00f3nica y experiencia urbana.<\/span><br \/>\n <sup><strong><span style=\"color: #cc0000;\">7<\/span><\/strong><\/sup> <span style=\"font-size: 10pt; color: #31849b;\">GOMIS, Lorenzo. Teor\u00eda del periodismo. C\u00f3mo se forma el presente. P\u00e1g. 18.<\/span><\/p>\n<p>[su_divider style=\"dotted\" size=\"2\"]<\/p>\n<p style=\"text-align: center;\"><span style=\"font-size: 12pt; color: #808080;\">ANALISIS DEL ESPORIODICO EL TACHENKO<\/span><br \/>\n <span style=\"font-size: 10pt; color: #999999;\">Por: Victoria Eugenia Valencia, Maria Isabel Ospina, Mario Alfonso C\u00e1rdenas<\/span><br \/>\n <span style=\"font-size: 10pt; color: #999999;\"> Julio 10, 1996 \u00ae Todos los Derechos Reservados<\/span><\/p>\n<p class=\"JAS_Credits_TesisET\" style=\"text-align: center;\">UNIVERSIDAD DEL VALLE<br \/>\n HISTORIA DE LA COMUNICACI\u00d3N<br \/>\n TRABAJO FINAL: ANALISIS DEL ESPORIODICO <strong>El Tachenko<\/strong><br \/>\n PRESENTADO A: GRISELA GOMES<br \/>\n POR:<br \/>\n MARIO ALFONSO CARDENAS, CODIGO: 9411573<br \/>\n MARIA ISABEL OSPINA, CODIGO: 9420998<br \/>\n VICTORIA EUGENCIA VALENCIA, CODIGO: 9417564<br \/>\n PLAN COMUNICACION SOCIAL (3548)<br \/>\n JULIO 10 DE 1996<\/p>\n<\/div><\/div>","protected":false},"excerpt":{"rendered":"<p>Reconstruir La Ciudad\u00a0\u00a0\u00a0\u00a0\u00a0\u00a0 Por: M.I. Ospina, M.A. C\u00e1rdenas, V.E. Valencia Se trata de saber qu\u00e9 \"realidad\" hay detr\u00e1s del decorado; lo que se encuentra son interacciones netamente cotidianas que han recibido algunas pinceladas humor\u00edsticas. Cabe anotar que esas pr\u00e1cticas diarias se desarrollan en la ciudad, reconocida como un espacio que posibilita el intercambio comunicativo entre [&hellip;]<\/p>\n","protected":false},"author":1,"featured_media":0,"parent":691,"menu_order":0,"comment_status":"closed","ping_status":"closed","template":"templates\/full-page.php","meta":{"footnotes":""},"class_list":["post-823","page","type-page","status-publish","hentry"],"_links":{"self":[{"href":"https:\/\/tachenko.com\/etachenko\/wp-json\/wp\/v2\/pages\/823","targetHints":{"allow":["GET"]}}],"collection":[{"href":"https:\/\/tachenko.com\/etachenko\/wp-json\/wp\/v2\/pages"}],"about":[{"href":"https:\/\/tachenko.com\/etachenko\/wp-json\/wp\/v2\/types\/page"}],"author":[{"embeddable":true,"href":"https:\/\/tachenko.com\/etachenko\/wp-json\/wp\/v2\/users\/1"}],"replies":[{"embeddable":true,"href":"https:\/\/tachenko.com\/etachenko\/wp-json\/wp\/v2\/comments?post=823"}],"version-history":[{"count":12,"href":"https:\/\/tachenko.com\/etachenko\/wp-json\/wp\/v2\/pages\/823\/revisions"}],"predecessor-version":[{"id":1544,"href":"https:\/\/tachenko.com\/etachenko\/wp-json\/wp\/v2\/pages\/823\/revisions\/1544"}],"up":[{"embeddable":true,"href":"https:\/\/tachenko.com\/etachenko\/wp-json\/wp\/v2\/pages\/691"}],"wp:attachment":[{"href":"https:\/\/tachenko.com\/etachenko\/wp-json\/wp\/v2\/media?parent=823"}],"curies":[{"name":"wp","href":"https:\/\/api.w.org\/{rel}","templated":true}]}}

<div id="dslc-theme-content"><div id="dslc-theme-content-inner"><p><span style="font-family: impact,sans-serif;"><strong><span style="font-size: 36pt;"><span style="background-color: #000000; color: #ffffff;">Re</span>construir L</span></strong></span><em><span style="font-family: times new roman,times,serif; font-size: 36pt;">a</span></em><strong><span style="font-family: impact,sans-serif; font-size: 36pt;"><span style="background-color: #000000; color: #ffffff;"> Ciudad       <br />
 </span></span></strong></p>
<p class="JAS_Insertos_Tipo_Reuter">Por: M.I. Ospina, M.A. Cárdenas, V.E. Valencia</p>
<p>Se trata de saber qué "realidad" hay detrás del decorado; lo que se encuentra son interacciones netamente cotidianas que han recibido algunas pinceladas humorísticas. Cabe anotar que esas prácticas diarias se desarrollan en la ciudad, reconocida como un espacio que posibilita el intercambio comunicativo entre varias maneras de pensar, sentir y de actuar; que tiene implicaciones sociales, económicas, políticas y culturales, cuyo fin es el de poder ser a través del discurso. Este espacio urbano es el contexto en donde las casas se multiplican, los edificios alcanzan varios pisos y se aglomeran, las redes de las calles se intensifican, los espacios verdes disminuyen progresivamente e incluso acaban por desaparecer, mientras que los peatones y vehículos aumentan cada vez más. La ciudad es una verdadera máquina de producción y consumo; ésta concentra a los hombres y sus actividades, pero es sobre todo el lugar privilegiado donde se ejerce el poder. Es en la ciudad donde los hombres administran, organizan y reglamentan; es en ese espacio urbano donde se hace la historia de un país. La ciudad es, ante todo, un lugar donde vive gente, es decir, en lenguaje moderno, un espacio residencial; siendo a su vez, un lugar de producción y de distribución de las cosas y las ideas.</p>
<p>El espacio urbano es un espacio de circulación, un fantástico sistema de comunicación y de intercambio. Todas las formas de actividad dentro de éste deben encontrar su sitio correspondiente, y además coexistir donde se da una intensa competencia entre los intereses privados y los de la comunidad urbana.</p>
<p><em>"La noción de ciudad como entidad que alberga diversidad de grupos sociales, como espacio en el que se establecen las relaciones entre estos grupos, como lugar en permanente adecuación a los requerimientos sociales, conduce inevitablemente al reconocimiento de lo comunicacional. De la misma manera que los procesos comunicativos atraviesan las actividades sociales, la comunicación subyace en la base de los productos construidos por el hombre y se asienta en las urbes donde se congregan los puntos centrales de la comunicación social".</em> <sup><strong><span style="color: #cc0000;">5</span></strong></sup></p>
<p>El director del "Esporiódico", por medio de éste transforma la ciudad al incorporarla a la crónica; volviéndose un "mirón urbano" que investiga la privacidad ajena, la interioridad de su grupo de amigos. Juan Andrés averigua las experiencias vividas por sus camaradas para inscribirlas en su jocosa producción; por eso puede decirse que es <em>"un cronista que en su paseo por la ciudad reinventa un espacio colectivo"</em> <sup><span style="color: #cc0000;"><strong>6</strong></span></sup> y en este caso exclusivo, en la medida en que recrea los acontecimientos que le ocurren a un grupo cerrado y concreto.</p>
<p>Hay dos factores importantes: la exageración de una realidad para que sea divertida, y el dispositivo del chisme que es utilizado en el relato.</p>
<p>El mundo real se muestra de una manera jocosa al inyectarle humor a cada una de las diferentes vivencias y al ridiculizar los sucesos. Esto tiene que ver con que <em>"la interpretación de la realidad como un conglomerado de noticias responde a una expectativa pública y a necesidades técnicas. La realidad social verdadera, en directo, se diluye a lo largo del día y la noche, y parece lenta, difusa, aburrida. Corresponde por tanto a la actividad profesional llamada periodismo dar de la realidad social presente una versión concentrada, dramatizadora, sugestiva, que escoja lo más interesante de todo lo que se sepa que ha ocurrido y hasta lo retoque para ajustarla a las necesidades del tiempo y el espacio". </em><sup><span style="color: #cc0000;"><strong>7</strong></span></sup></p>
<p>El chisme no sólo se postula como un escuchar sino como un narrar la vida del otro; pero en <strong>El Tachenko</strong> "la chiva" no incluye a todos. Aquí es notoria la exclusividad que construye la voz del chisme y los límites ansiosamente protegidos de la "comunidad" reconstruida.</p>
<p>Esta amena creación fue realizada por un sujeto social que se encuentra inscrito en un espacio urbano que se moderniza, con la que pretende rescatar las prácticas cotidianas de sus amigos, utilizando como herramienta un medio impreso muy actual como lo es el periódico. —MIO/MAC/VEV</p>
<p><span style="color: #999999;">_________________________________________</span><sup><span style="color: #cc0000;"><strong><br />
 5</strong></span></sup> <span style="font-size: 10pt; color: #31849b;">Anuncio de investigación de la comunicación coneicci. La ciudad y la comunicación. Universidad de Guadalajara. Pág. 12.</span><br />
 <sup><span style="color: #cc0000;"><strong>6</strong></span></sup> <span style="color: #31849b; font-size: 10pt;">RAMOS, Julio. Decorar la ciudad: Crónica y experiencia urbana.</span><br />
 <sup><strong><span style="color: #cc0000;">7</span></strong></sup> <span style="font-size: 10pt; color: #31849b;">GOMIS, Lorenzo. Teoría del periodismo. Cómo se forma el presente. Pág. 18.</span></p>
<p>[su_divider style="dotted" size="2"]</p>
<p style="text-align: center;"><span style="font-size: 12pt; color: #808080;">ANALISIS DEL ESPORIODICO EL TACHENKO</span><br />
 <span style="font-size: 10pt; color: #999999;">Por: Victoria Eugenia Valencia, Maria Isabel Ospina, Mario Alfonso Cárdenas</span><br />
 <span style="font-size: 10pt; color: #999999;"> Julio 10, 1996 ® Todos los Derechos Reservados</span></p>
<p class="JAS_Credits_TesisET" style="text-align: center;">UNIVERSIDAD DEL VALLE<br />
 HISTORIA DE LA COMUNICACIÓN<br />
 TRABAJO FINAL: ANALISIS DEL ESPORIODICO <strong>El Tachenko</strong><br />
 PRESENTADO A: GRISELA GOMES<br />
 POR:<br />
 MARIO ALFONSO CARDENAS, CODIGO: 9411573<br />
 MARIA ISABEL OSPINA, CODIGO: 9420998<br />
 VICTORIA EUGENCIA VALENCIA, CODIGO: 9417564<br />
 PLAN COMUNICACION SOCIAL (3548)<br />
 JULIO 10 DE 1996</p>
</div></div>

<p>Reconstruir La Ciudad       Por: M.I. Ospina, M.A. Cárdenas, V.E. Valencia Se trata de saber qué "realidad" hay detrás del decorado; lo que se encuentra son interacciones netamente cotidianas que han recibido algunas pinceladas humorísticas. Cabe anotar que esas prácticas diarias se desarrollan en la ciudad, reconocida como un espacio que posibilita el intercambio comunicativo entre [&hellip;]</p>
