{"id":112,"date":"2017-03-05T04:37:25","date_gmt":"2017-03-05T09:37:25","guid":{"rendered":"https:\/\/tachenko.com\/etachenko\/?page_id=112"},"modified":"2017-03-12T22:58:26","modified_gmt":"2017-03-13T03:58:26","slug":"nombre","status":"publish","type":"page","link":"https:\/\/tachenko.com\/etachenko\/resena-historica\/nombre\/","title":{"rendered":"C\u00f3mo Naci\u00f3 el Nombre de \"El Tachenko\""},"content":{"rendered":"<div id=\"dslc-theme-content\"><div id=\"dslc-theme-content-inner\"><p class=\"JAS_Main_Title\">C\u00f3mo Naci\u00f3 el Nombre de \"El Tachenko\"<\/p>\n<p class=\"JAS_Insertos_Tipo_Reuter\">Por: El Director<\/p>\n<p>Siendo que la inspiradora usaba un remoquete, apodo o implemento parecido, que es TACHA, no hab\u00eda otra salida que no fuera tan obvia, tan gentil, tan insignificante y poco creativa:<\/p>\n<h2><strong>TACHA = Tachenko<\/strong><\/h2>\n<p>Tan tonto, no?. Pos\u00ed, y es que as\u00ed le dec\u00edan a un man en la Academia Militar donde el Director estudi\u00f3 en sus a\u00f1os mozos, entonces debido a tal similitud entre ambas palabritas pues decidi\u00f3 dejarlo as\u00ed. Y pa' m\u00e1s cuento, luego el Director se enter\u00f3 que a Marta Anastasia \"Tacha\" Pagoulatos le dec\u00edan \"Tachenko\" en la U. - Total que esto es un asunto de tradici\u00f3n, diga?.<\/p>\n<p>Pero faltaba algo..., no s\u00e9, algo!. Todos los diarios conocidos y de renombre son antecedidos por un \"El\". \u00bfPorque no \"El Tachenko\" entonces?, se pregunt\u00f3 el Director. Y as\u00ed qued\u00f3 para envidia y asombro de la comunidad: <strong>\"EL TACHENKO\".<\/strong><\/p>\n<p>Un nombre sonoro que no tendr\u00eda competencia ni equidad. No habr\u00eda problemas de que la palabrita apareciera repetida puaqu\u00ed, puall\u00e1 o acull\u00e1. Es m\u00e1s, no existe en el diccionario!. S\u00f3lo aparece Tacha, Tachadura, Tachar, Tacho, Tach\u00f3n, Tachonar, Tachoner\u00eda y Tachuela. \u00bfPero \"Tachenko\"?, jam\u00e1s!. Mh..., que dir\u00edan los de la Real Academia si se enterasen... Uich, que oso...<\/p>\n<p>Este aspecto dot\u00f3 al Pasqu\u00edn de una individualidad tan exclusiva que result\u00f3 muy c\u00f3modo escoger la direcci\u00f3n electr\u00f3nica, o e-mail que llaman los que saben. Pues es que a qui\u00e9n se le ocurrir\u00eda ponerle Tachenko a algo, ah?. Bueno, parece que a nadie, s\u00f3lo a un loco demente habitante de la bella Sultana de Cali que no hall\u00f3 repeticiones aparentes para elegir que su correo en la red se llamara \"<a href=\"https:\/\/tachenko.com\/etachenko\/ooooooh\/\">tachenko@telesat.com.co<\/a>\". Escriban, escriban pues que necesitamos art\u00edculos!<\/p>\n<p>Posteriormente un colega se quejaba seriamente de que una publicaci\u00f3n tan espl\u00e9ndida no ten\u00eda una distribuci\u00f3n continua, pero que si no hab\u00eda nada en la faz de la tal que hiciera cambiar la realidad de tan vergonzante inconveniente, entonces \u00e9l pensaba que deb\u00eda resaltarse el hecho (que es una mata) y por tal merec\u00eda ser designado de alguna forma en especial. S\u00ed, que descaro!!, c\u00f3mo as\u00ed que el batido del Director escrib\u00eda s\u00f3lo cuando ten\u00eda tiempo; entonces que pues, \u00bfsus suscriptores ten\u00edan que esperar una, dos, tres, cuatro, cinco, seis y hasta 7 semanas y media pa' recibir el Pasqu\u00edn?, NOOOOOooo....<\/p>\n<p>Es decir, su publicaci\u00f3n nunca iba a ser rutinaria, cadencial, No!. Ser\u00eda ESPORADICA. <em>\"V\u00e9, mmm... \u00bfporqu\u00e9 no le anteced\u00e9s entonces con 'Espori\u00f3dico'?. Al fin y al cabo viene de 'Espor\u00e1dico' y tambi\u00e9n es un \"Peri\u00f3dico\",<\/em> coment\u00f3 aquel colega. Y s\u00ed, la idea estaba chever\u00edsima, ten\u00eda concordancia, rima y sssaborrrrrrr. Era joven, absurda e incongruente. Estaba vital. Mejor dicho, breve!!!!.<\/p>\n<p>As\u00ed qued\u00f3 entonces el nombre completo <strong>ESPORIODICO EL TACHENKO<\/strong>, gracias al colega Gnivri Z\u00e9pol, adem\u00e1s de todo, gran pintor. Y fuma...?, mh!! \u2014ET<\/p>\n<\/div><\/div>","protected":false},"excerpt":{"rendered":"<p>C\u00f3mo Naci\u00f3 el Nombre de \"El Tachenko\" Por: El Director Siendo que la inspiradora usaba un remoquete, apodo o implemento parecido, que es TACHA, no hab\u00eda otra salida que no fuera tan obvia, tan gentil, tan insignificante y poco creativa: TACHA = Tachenko Tan tonto, no?. Pos\u00ed, y es que as\u00ed le dec\u00edan a un [&hellip;]<\/p>\n","protected":false},"author":1,"featured_media":0,"parent":7,"menu_order":0,"comment_status":"closed","ping_status":"closed","template":"templates\/full-page.php","meta":{"footnotes":""},"class_list":["post-112","page","type-page","status-publish","hentry"],"_links":{"self":[{"href":"https:\/\/tachenko.com\/etachenko\/wp-json\/wp\/v2\/pages\/112","targetHints":{"allow":["GET"]}}],"collection":[{"href":"https:\/\/tachenko.com\/etachenko\/wp-json\/wp\/v2\/pages"}],"about":[{"href":"https:\/\/tachenko.com\/etachenko\/wp-json\/wp\/v2\/types\/page"}],"author":[{"embeddable":true,"href":"https:\/\/tachenko.com\/etachenko\/wp-json\/wp\/v2\/users\/1"}],"replies":[{"embeddable":true,"href":"https:\/\/tachenko.com\/etachenko\/wp-json\/wp\/v2\/comments?post=112"}],"version-history":[{"count":10,"href":"https:\/\/tachenko.com\/etachenko\/wp-json\/wp\/v2\/pages\/112\/revisions"}],"predecessor-version":[{"id":1286,"href":"https:\/\/tachenko.com\/etachenko\/wp-json\/wp\/v2\/pages\/112\/revisions\/1286"}],"up":[{"embeddable":true,"href":"https:\/\/tachenko.com\/etachenko\/wp-json\/wp\/v2\/pages\/7"}],"wp:attachment":[{"href":"https:\/\/tachenko.com\/etachenko\/wp-json\/wp\/v2\/media?parent=112"}],"curies":[{"name":"wp","href":"https:\/\/api.w.org\/{rel}","templated":true}]}}