{"id":108,"date":"2017-03-05T04:36:59","date_gmt":"2017-03-05T09:36:59","guid":{"rendered":"https:\/\/tachenko.com\/etachenko\/?page_id=108"},"modified":"2017-03-13T21:21:28","modified_gmt":"2017-03-14T02:21:28","slug":"logo","status":"publish","type":"page","link":"https:\/\/tachenko.com\/etachenko\/resena-historica\/logo\/","title":{"rendered":"C\u00f3mo Diantres Naci\u00f3 Eje Pollo Tan Feo!!!"},"content":{"rendered":"<div id=\"dslc-theme-content\"><div id=\"dslc-theme-content-inner\"><p class=\"JAS_Main_Title\">C\u00f3mo Diantres Naci\u00f3 Eje Pollo Tan Feo!!!<\/p>\n<p class=\"JAS_Insertos_Tipo_Reuter\">Por: El Director<\/p>\n<div id=\"attachment_1486\" style=\"width: 260px\" class=\"wp-caption alignleft\"><a href=\"https:\/\/tachenko.com\/etachenko\/wp-content\/uploads\/2017\/03\/canasta-whtbg.jpg\" target=\"_blank\"><img loading=\"lazy\" decoding=\"async\" aria-describedby=\"caption-attachment-1486\" class=\"wp-image-1486\" src=\"https:\/\/tachenko.com\/etachenko\/wp-content\/uploads\/2017\/03\/canasta-whtbg-300x262.jpg\" alt=\"\" width=\"250\" height=\"218\" srcset=\"https:\/\/tachenko.com\/etachenko\/wp-content\/uploads\/2017\/03\/canasta-whtbg-300x262.jpg 300w, https:\/\/tachenko.com\/etachenko\/wp-content\/uploads\/2017\/03\/canasta-whtbg-150x131.jpg 150w, https:\/\/tachenko.com\/etachenko\/wp-content\/uploads\/2017\/03\/canasta-whtbg.jpg 416w\" sizes=\"auto, (max-width: 250px) 100vw, 250px\" \/><\/a><p id=\"caption-attachment-1486\" class=\"wp-caption-text\">\u2026De donde todo naci\u00f3\u2026<\/p><\/div>\n<p>Amaneci\u00f3 una ma\u00f1ana el Director con la col\u00e9rica idea de tatuarse su brazo derecho. Busc\u00f3 y busc\u00f3 en todo tipo de revistas, de graffittis, de publicaciones y dem\u00e1s para ver que imagen escoger\u00eda para hacer su brazo inconfundible.<\/p>\n<div id=\"attachment_652\" style=\"width: 162px\" class=\"wp-caption alignright\"><a href=\"https:\/\/tachenko.com\/etachenko\/wp-content\/uploads\/2017\/03\/logo-article2.jpg\" target=\"_blank\"><img loading=\"lazy\" decoding=\"async\" aria-describedby=\"caption-attachment-652\" class=\"wp-image-652\" src=\"https:\/\/tachenko.com\/etachenko\/wp-content\/uploads\/2017\/03\/logo-article2.jpg\" alt=\"\" width=\"152\" height=\"126\" srcset=\"https:\/\/tachenko.com\/etachenko\/wp-content\/uploads\/2017\/03\/logo-article2.jpg 550w, https:\/\/tachenko.com\/etachenko\/wp-content\/uploads\/2017\/03\/logo-article2-150x125.jpg 150w, https:\/\/tachenko.com\/etachenko\/wp-content\/uploads\/2017\/03\/logo-article2-300x249.jpg 300w\" sizes=\"auto, (max-width: 152px) 100vw, 152px\" \/><\/a><p id=\"caption-attachment-652\" class=\"wp-caption-text\">El pollo digitalizado<\/p><\/div>\n<p>Buscando y buscando apareci\u00f3 de entre mil gr\u00e1ficas un horrendo pollo en una revista, en un art\u00edculo que hablaba sobre la canasta familiar <em>(ver imagen izquierda. No mi izquierda..., \"tu\" izquierda!).<\/em> Pens\u00f3 entusiasmado entonces <em>\"veee, porque no me tat\u00fao este pollito tan gooonito, mmm...?\",<\/em> arguy\u00f3 pa' sus adentros el insano. Pero luego dijo \"<em>Bah!, qu\u00e9 me voyajer eje pollo tan feo!\"<\/em>. Pero luego la musiquita de fondo son\u00f3 (los violines y eso), el dibujito y el Director se miraron, corrieron las l\u00e1grimas por las mejillas y fue cuando el cebo dijo <em>\"Siiiii, siii; el pollito<\/em> est\u00e1 del pitis\". Se fue entonces pa' donde L... T... (prohibida la publicidad no pagada y menos en Internet) y se hizo tatuar para siempre tan caricaturesca imagen en la parte frontal de su musculoso brazo derecho.<\/p>\n<p>El Director y su pollo se miraban todos los d\u00edas en el espejo. Todos los d\u00edas, tooodos los d\u00edas... hasta que un d\u00eda le dio porque quisque no le gustaba!!! C\u00f3mo le parece a ust\u00e9 pues esta cosa tan berrionda ah?. Hay un dicho que reza <em>\"nada m\u00e1s arrepentido quiun tatuao\",<\/em> y eso es tan cierto que es ciert\u00edsimo.<\/p>\n<div id=\"attachment_394\" style=\"width: 162px\" class=\"wp-caption alignleft\"><img loading=\"lazy\" decoding=\"async\" aria-describedby=\"caption-attachment-394\" class=\"size-full wp-image-394\" src=\"https:\/\/tachenko.com\/etachenko\/wp-content\/uploads\/2017\/03\/eagle.jpg\" alt=\"\" width=\"152\" height=\"131\" srcset=\"https:\/\/tachenko.com\/etachenko\/wp-content\/uploads\/2017\/03\/eagle.jpg 152w, https:\/\/tachenko.com\/etachenko\/wp-content\/uploads\/2017\/03\/eagle-150x129.jpg 150w\" sizes=\"auto, (max-width: 152px) 100vw, 152px\" \/><p id=\"caption-attachment-394\" class=\"wp-caption-text\">Aguila tapa pollos<\/p><\/div>\n<p>Total que corrido apenas 1 a\u00f1o el Director ya estaba mamao con el bendito Pollo. Y en un viaje a los Yunares, atormentado ya por la detestable imagen, tom\u00f3 la decisi\u00f3n y se lo hizo tapar con otro tatuaje por supuesto m\u00e1s grande, pero en esta ocasi\u00f3n se trataba de un Aguila herrrmosa, con sus alas desplegadas y unas garras que mejor dicho, la de Reno Raines es un chulo inmundo al lado de \u00e9sta (mmm... saludos viejo Fr\u00edjolnegro, don't take it too personal). Y ante decisi\u00f3n tan agresiva sus amigos al Director le dec\u00edan: <em>\"Ve Juan, y cuando te aburr\u00e1s del \u00e1guila te vas a tatuar encima un drag\u00f3n pa' taparla o que?, ja jaaaa\", <\/em>y re\u00edan descosidamente. S\u00ed que desalmados nojerto?, se burlaban y le hac\u00edan constante mofa al alado, pero el Director, incluso despu\u00e9s de varios a\u00f1os ya de haberse tatuado aquella \u00e1guila, porta hoy orgulloso su plum\u00edfera imagen a donde quiera que vaya y vive feliz con ella.<\/p>\n<p>Este cuento tan largo termina en lo siguiente: A pesar que el Pollito hab\u00eda fenecido, pues de todas formas hab\u00eda cobrado vida alguna vez en el brazo del Director. Hab\u00eda sido aclamado, admirado, besado, acariciado y envidiado. Ten\u00eda personalidad, prestancia, caos, hidalgu\u00eda, detrimento, y personalidad. En los clubes m\u00e1s conocidos de la ciudad la gente no paraba de aplaudir, era el centro de todas las miradas (no, en zerio). Qu\u00e9 mejor entonces que adoptarlo como mascota para acompa\u00f1ar al t\u00edtulo del Espori\u00f3dico!!!<\/p>\n<p>Y fue as\u00ed (cuenta la historia) como se instituy\u00f3 al venerado Pollo como logotipo insignia de <strong>El Tachenko<\/strong> hasta que San Juan agache el dedo como dec\u00eda mi ag\u00fcelo, o por lo menos hasta que el due\u00f1o (del pollo) se queje. \u2014ET<\/p>\n<\/div><\/div>","protected":false},"excerpt":{"rendered":"<p>C\u00f3mo Diantres Naci\u00f3 Eje Pollo Tan Feo!!! Por: El Director Amaneci\u00f3 una ma\u00f1ana el Director con la col\u00e9rica idea de tatuarse su brazo derecho. Busc\u00f3 y busc\u00f3 en todo tipo de revistas, de graffittis, de publicaciones y dem\u00e1s para ver que imagen escoger\u00eda para hacer su brazo inconfundible. Buscando y buscando apareci\u00f3 de entre mil [&hellip;]<\/p>\n","protected":false},"author":1,"featured_media":0,"parent":7,"menu_order":0,"comment_status":"closed","ping_status":"closed","template":"templates\/full-page.php","meta":{"footnotes":""},"class_list":["post-108","page","type-page","status-publish","hentry"],"_links":{"self":[{"href":"https:\/\/tachenko.com\/etachenko\/wp-json\/wp\/v2\/pages\/108","targetHints":{"allow":["GET"]}}],"collection":[{"href":"https:\/\/tachenko.com\/etachenko\/wp-json\/wp\/v2\/pages"}],"about":[{"href":"https:\/\/tachenko.com\/etachenko\/wp-json\/wp\/v2\/types\/page"}],"author":[{"embeddable":true,"href":"https:\/\/tachenko.com\/etachenko\/wp-json\/wp\/v2\/users\/1"}],"replies":[{"embeddable":true,"href":"https:\/\/tachenko.com\/etachenko\/wp-json\/wp\/v2\/comments?post=108"}],"version-history":[{"count":40,"href":"https:\/\/tachenko.com\/etachenko\/wp-json\/wp\/v2\/pages\/108\/revisions"}],"predecessor-version":[{"id":1493,"href":"https:\/\/tachenko.com\/etachenko\/wp-json\/wp\/v2\/pages\/108\/revisions\/1493"}],"up":[{"embeddable":true,"href":"https:\/\/tachenko.com\/etachenko\/wp-json\/wp\/v2\/pages\/7"}],"wp:attachment":[{"href":"https:\/\/tachenko.com\/etachenko\/wp-json\/wp\/v2\/media?parent=108"}],"curies":[{"name":"wp","href":"https:\/\/api.w.org\/{rel}","templated":true}]}}

Cómo Diantres Nació Eje Pollo Tan Feo!!!

<div id="dslc-theme-content"><div id="dslc-theme-content-inner"><p class="JAS_Main_Title">Cómo Diantres Nació Eje Pollo Tan Feo!!!</p>
<p class="JAS_Insertos_Tipo_Reuter">Por: El Director</p>
<div id="attachment_1486" style="width: 260px" class="wp-caption alignleft"><a href="https://tachenko.com/etachenko/wp-content/uploads/2017/03/canasta-whtbg.jpg" target="_blank"><img loading="lazy" decoding="async" aria-describedby="caption-attachment-1486" class="wp-image-1486" src="https://tachenko.com/etachenko/wp-content/uploads/2017/03/canasta-whtbg-300x262.jpg" alt="" width="250" height="218" srcset="https://tachenko.com/etachenko/wp-content/uploads/2017/03/canasta-whtbg-300x262.jpg 300w, https://tachenko.com/etachenko/wp-content/uploads/2017/03/canasta-whtbg-150x131.jpg 150w, https://tachenko.com/etachenko/wp-content/uploads/2017/03/canasta-whtbg.jpg 416w" sizes="auto, (max-width: 250px) 100vw, 250px" /></a><p id="caption-attachment-1486" class="wp-caption-text">…De donde todo nació…</p></div>
<p>Amaneció una mañana el Director con la colérica idea de tatuarse su brazo derecho. Buscó y buscó en todo tipo de revistas, de graffittis, de publicaciones y demás para ver que imagen escogería para hacer su brazo inconfundible.</p>
<div id="attachment_652" style="width: 162px" class="wp-caption alignright"><a href="https://tachenko.com/etachenko/wp-content/uploads/2017/03/logo-article2.jpg" target="_blank"><img loading="lazy" decoding="async" aria-describedby="caption-attachment-652" class="wp-image-652" src="https://tachenko.com/etachenko/wp-content/uploads/2017/03/logo-article2.jpg" alt="" width="152" height="126" srcset="https://tachenko.com/etachenko/wp-content/uploads/2017/03/logo-article2.jpg 550w, https://tachenko.com/etachenko/wp-content/uploads/2017/03/logo-article2-150x125.jpg 150w, https://tachenko.com/etachenko/wp-content/uploads/2017/03/logo-article2-300x249.jpg 300w" sizes="auto, (max-width: 152px) 100vw, 152px" /></a><p id="caption-attachment-652" class="wp-caption-text">El pollo digitalizado</p></div>
<p>Buscando y buscando apareció de entre mil gráficas un horrendo pollo en una revista, en un artículo que hablaba sobre la canasta familiar <em>(ver imagen izquierda. No mi izquierda..., "tu" izquierda!).</em> Pensó entusiasmado entonces <em>"veee, porque no me tatúo este pollito tan gooonito, mmm...?",</em> arguyó pa' sus adentros el insano. Pero luego dijo "<em>Bah!, qué me voyajer eje pollo tan feo!"</em>. Pero luego la musiquita de fondo sonó (los violines y eso), el dibujito y el Director se miraron, corrieron las lágrimas por las mejillas y fue cuando el cebo dijo <em>"Siiiii, siii; el pollito</em> está del pitis". Se fue entonces pa' donde L... T... (prohibida la publicidad no pagada y menos en Internet) y se hizo tatuar para siempre tan caricaturesca imagen en la parte frontal de su musculoso brazo derecho.</p>
<p>El Director y su pollo se miraban todos los días en el espejo. Todos los días, tooodos los días... hasta que un día le dio porque quisque no le gustaba!!! Cómo le parece a usté pues esta cosa tan berrionda ah?. Hay un dicho que reza <em>"nada más arrepentido quiun tatuao",</em> y eso es tan cierto que es ciertísimo.</p>
<div id="attachment_394" style="width: 162px" class="wp-caption alignleft"><img loading="lazy" decoding="async" aria-describedby="caption-attachment-394" class="size-full wp-image-394" src="https://tachenko.com/etachenko/wp-content/uploads/2017/03/eagle.jpg" alt="" width="152" height="131" srcset="https://tachenko.com/etachenko/wp-content/uploads/2017/03/eagle.jpg 152w, https://tachenko.com/etachenko/wp-content/uploads/2017/03/eagle-150x129.jpg 150w" sizes="auto, (max-width: 152px) 100vw, 152px" /><p id="caption-attachment-394" class="wp-caption-text">Aguila tapa pollos</p></div>
<p>Total que corrido apenas 1 año el Director ya estaba mamao con el bendito Pollo. Y en un viaje a los Yunares, atormentado ya por la detestable imagen, tomó la decisión y se lo hizo tapar con otro tatuaje por supuesto más grande, pero en esta ocasión se trataba de un Aguila herrrmosa, con sus alas desplegadas y unas garras que mejor dicho, la de Reno Raines es un chulo inmundo al lado de ésta (mmm... saludos viejo Fríjolnegro, don't take it too personal). Y ante decisión tan agresiva sus amigos al Director le decían: <em>"Ve Juan, y cuando te aburrás del águila te vas a tatuar encima un dragón pa' taparla o que?, ja jaaaa", </em>y reían descosidamente. Sí que desalmados nojerto?, se burlaban y le hacían constante mofa al alado, pero el Director, incluso después de varios años ya de haberse tatuado aquella águila, porta hoy orgulloso su plumífera imagen a donde quiera que vaya y vive feliz con ella.</p>
<p>Este cuento tan largo termina en lo siguiente: A pesar que el Pollito había fenecido, pues de todas formas había cobrado vida alguna vez en el brazo del Director. Había sido aclamado, admirado, besado, acariciado y envidiado. Tenía personalidad, prestancia, caos, hidalguía, detrimento, y personalidad. En los clubes más conocidos de la ciudad la gente no paraba de aplaudir, era el centro de todas las miradas (no, en zerio). Qué mejor entonces que adoptarlo como mascota para acompañar al título del Esporiódico!!!</p>
<p>Y fue así (cuenta la historia) como se instituyó al venerado Pollo como logotipo insignia de <strong>El Tachenko</strong> hasta que San Juan agache el dedo como decía mi agüelo, o por lo menos hasta que el dueño (del pollo) se queje. —ET</p>
</div></div>

<p>Cómo Diantres Nació Eje Pollo Tan Feo!!! Por: El Director Amaneció una mañana el Director con la colérica idea de tatuarse su brazo derecho. Buscó y buscó en todo tipo de revistas, de graffittis, de publicaciones y demás para ver que imagen escogería para hacer su brazo inconfundible. Buscando y buscando apareció de entre mil [&hellip;]</p>
