{"id":106,"date":"2017-03-05T04:36:43","date_gmt":"2017-03-05T09:36:43","guid":{"rendered":"https:\/\/tachenko.com\/etachenko\/?page_id=106"},"modified":"2017-03-12T22:59:08","modified_gmt":"2017-03-13T03:59:08","slug":"director","status":"publish","type":"page","link":"https:\/\/tachenko.com\/etachenko\/resena-historica\/director\/","title":{"rendered":"Su Merc\u00e9 El Director"},"content":{"rendered":"<div id=\"dslc-theme-content\"><div id=\"dslc-theme-content-inner\"><p class=\"JAS_Main_Title\">Su Merc\u00e9 El Director<\/p>\n<p class=\"JAS_Insertos_Tipo_Reuter\">Por: El Director<\/p>\n<table border=\"0\" cellspacing=\"0\" cellpadding=\"0\">\n<tbody>\n<tr>\n<td style=\"width: 163px; height: 265px;\"><img loading=\"lazy\" decoding=\"async\" class=\"alignnone wp-image-372 size-full\" src=\"https:\/\/tachenko.com\/etachenko\/wp-content\/uploads\/2017\/03\/el-director3.jpg\" alt=\"\" width=\"143\" height=\"265\" srcset=\"https:\/\/tachenko.com\/etachenko\/wp-content\/uploads\/2017\/03\/el-director3.jpg 143w, https:\/\/tachenko.com\/etachenko\/wp-content\/uploads\/2017\/03\/el-director3-81x150.jpg 81w\" sizes=\"auto, (max-width: 143px) 100vw, 143px\" \/><\/td>\n<td class=\"JAS_Interline_Normal_10pt\" style=\"vertical-align: bottom;\"><strong>Nombre:<\/strong> Juan Andr\u00e9s Sinisterra<br \/>\n <strong>A.K.A.:<\/strong> \u201cEl Director\u201d<br \/>\n <strong>Profesi\u00f3n:<\/strong> Publicista<br \/>\n <strong>Afici\u00f3n:<\/strong> Computadores<br \/>\n <strong>Jovy:<\/strong> Computadores<br \/>\n <strong>Pasatiempo:<\/strong> Computadores<br \/>\n <strong>\u00bfTrabaja?:<\/strong> S\u00ed<br \/>\n <strong>\u00bfCon Que?:<\/strong> Con Computadores!<\/td>\n<\/tr>\n<\/tbody>\n<\/table>\n<p>Ahora no vaja creer que yo nac\u00ed boqueto, boquinche, labiempinao o con la jeta torcida. No su merc\u00e9, yo desde ni\u00f1o siempre fui un querub\u00edn; la foto es un montaje, pilas. Ah bueno, calvito?, eso s\u00ed!<\/p>\n<p>Claro que yo disque de pelao era mas feo quiun sapo. Mi abuela dec\u00eda: <em>\"\u00bfMaria Sol?, eso es la belleza echa mujer, con esos ojazos negros espectaculares tan divinos y esa sonrisa tan linda que tiene!. \u00bfJuan Ram\u00f3n?, noh!, divino ese mono, que tal la herrrmosura de cachetes que li\u00e1n salido a ese mujacho. \u00bfIsabella?, ni se diga, de ataque! Hered\u00f3 mejor dicho la belleza de sus padres!. \u00bfJuan Andr\u00e9s?, Juan Andreees... \u00e9l se les compone, \u00e9l se les compone!\"<\/em><\/p>\n<p>Que tal ah?, antes es que se cr\u00eda uno! Seee, ha sido duro crecer con ese peso... En fin, hola, mucho gusto, como est\u00e1, me place verte, etc etc. Mi\u00e1n citao ac\u00e1 en los Headquarters del Espori\u00f3dico para contarte qui\u00e9n soy yo. Llevo HORAS esperando al presidente para la entrevista pero no ha venido aun, y eso que quedamos en vernos aqu\u00ed a las tres! (...siempre llega tarde). Mientras llega te voy contando 2 cositas:<\/p>\n<p><strong>La Primera: El Director<\/strong><\/p>\n<p>Hace 36 diciembres mis progenitores tuvieron la sensacional idea de bautizarme \"Juan Andres\". Claaaro claro, una herrrrmosura de nombre, como no, yo tambi\u00e9n estoy de acuerdo, gracias, gracias.<\/p>\n<p>Luego de terminar bachillerato me fui a prestar servicio militar en el BAGUP (Batall\u00f3n Guardia Presidencial), donde me desempe\u00f1\u00e9 proficientemente en la banda de guerra y adquir\u00ed amplios conocimientos en el arte del toque de la Lira en FA Mayor, labor muy importante para el crecimiento espiritual y el amor a la patria.<\/p>\n<p>Al recobrar mi vida de civil me met\u00ed a estudiar Arquitectura, pero me aburr\u00ed en el segundo semestre y renunci\u00e9 5 segundos antes que solicitaran mi retiro. Claro que aprend\u00ed un toque de dibujo, expresi\u00f3n y algunos otros conceptos, pero esa es otra historia. Luego incursion\u00e9 en los misterios de la urdimbre y la trama en la hidalgu\u00eda de los textiles; ah\u00ed si me pegu\u00e9 una aburrida la berraca!<\/p>\n<p>Finalmente unas amigas muy queridas me dijeron que la carrera de Publicidad era bacan\u00edsima, mir\u00e9 en que consist\u00eda el asunto, me gust\u00f3 y arranqu\u00e9 a estudiar. All\u00ed fue donde encontr\u00e9 todas las pasiones art\u00edsticas que le dieron sentido a mi existencia...<\/p>\n<p>Resumidito, porque me tengo que ir! Al graduarme me met\u00ed a trabajar en una agencia de publicidad, luego mont\u00e9 mi negocio, lo cerr\u00e9 para irme a estudiar ingl\u00e9s a USA, al regresar trabaj\u00e9 con mi hermana en una Not... (ay!), luego mont\u00e9 un taller creativo de publicidad, cerr\u00e9 el taller para gerenciar una empresa de computadores, luego sus due\u00f1os la cerraron porque se fueron a trabajar a USA, entonces me les moqui\u00e9 para buscar chanfa all\u00e1... y encontr\u00e9 chanfa SI pero sponsor NO, entonces me devolv\u00ed, trabaj\u00e9 de nuevo con mi hermana en la Oficina de Servicios P\u00fablicos (la mejor Notar... auch!), y por \u00faltimo estoy gerenciando una firma de Dise\u00f1o Digital de la cual soy socio. Pufff, que pase\u00edto nooo?, de todo se aprende en esta vida.<\/p>\n<p>Pst, jey!, venga le digo... pero chito!. Es que no se puede hablar de la Notar\u00eda Catorce (que es la mejor) en medios masivos (es prohibido). Pero paqu\u00e9, esa Notar\u00eda es lo m\u00e1ximo! Y le dan tinto a uno y todo!<\/p>\n<p>\u00bfD\u00f3nde \u00edbamos?, ah s\u00ed, pues que en esas volteretas naci\u00f3 el Espori\u00f3dico, lo que me lleva a contarte...<\/p>\n<p><strong>La Segunda: El Tachenko<\/strong><br \/>\n <span style=\"font-size: 10pt; color: #008080;\">(and\u00e1te pa' la dos...)<\/span><\/p>\n<p><!--nextpage--><\/p>\n<p><span style=\"font-size: 10pt; color: #008080;\">(...viene de la uno)<\/span><\/p>\n<p><strong>La Segunda: El Tachenko<\/strong><\/p>\n<p>Despu\u00e9s de varias lupas y por falta de tiempo, El Tachenko cay\u00f3 en el m\u00e1s desalmado, triste, horrendo, y tambi\u00e9n triste de los olvidos editoriales mas no en el alma, coraz\u00f3n y vida de mis lectores, quienes presentaron a la Direcci\u00f3n incontables, altaneras y desma\u00f1adas quejas.<\/p>\n<p>Pasaron varios a\u00f1os y finalmente ahora que he tenido la oportunidad directa, decidida y no s\u00f3lo profunda sino completa de ingresar al apasionante mundo del dobleu dobleu dobleu, he retomado al vetusto y olvidado proyecto del Espori\u00f3dico para darle una nueva vida electr\u00f3nica.<\/p>\n<p>En \u00e9l practico mis teor\u00edas creativas y mis despepes. Y como por asuntos del oficio he aprendido algunas cositas, pues he montado ya esta paginita que est\u00e1 un poco m\u00e1s decente que la anterior.<\/p>\n<p>\u00bfEsa?, nooooo, esa daba era pena, que verrrguenza con mis suscriptores!!!<\/p>\n<p>Dej\u00e1 la impaciencia omme, yo s\u00e9 que falta mucho, pero poco a poco ir\u00e9 adornando m\u00e1s el website y escribiendo m\u00e1s art\u00edculos. Mientras tanto como poder\u00e1 darse cuenta su merc\u00e9 y su mercesita all\u00e1 en la esquina, a esto le falta camello a la lata.<\/p>\n<p>Tratar\u00e9 de mantener este Site actualizado para que ustedes mis adorados leyentes puedan visitarlo regularmente y encuentren muchos art\u00edculos con los que van a entender el porqu\u00e9 de este fen\u00f3meno llamado El Tachenko.<\/p>\n<blockquote>\n<p><strong>Ve vos, te ruego el favor que si me vas a escribir, no lo hag\u00e1s diciendo babosadas: que no se dice \"poder\u00e1\", o que me com\u00ed una tilde, o que la palabra \"Espori\u00f3dico\" no essiste, en fin. Mand\u00e1me a cambio un art\u00edculo simp\u00e1tico, ch\u00e9vere, gracioso, algo de buen humor que haga sonre\u00edr a la gente. Y si lloran de la risa, pues mejor!<\/strong><\/p>\n<\/blockquote>\n<p>Bu\u00e9j, eso en s\u00edntesis somos mi Tachenko y Yo. Quiero agradecer inmensamente la colaboraci\u00f3n recibida siempre por todos mis amigos, sus ideas, sus comentarios, sus invaluables aportes, y sobretodo el empell\u00f3n comercializativo aportado constantemente y sin ag\u00fceros por el Dr. Carlos Adolfo Valencia. Gracias viejito, gracias!!!<\/p>\n<p>Festejo su visita con vivas (vivaaa!) y entusiasmos (yeeeeh!) y as\u00ed quedamos.<\/p>\n<p>Suyo de Bust\u00e9,<\/p>\n<p>Juan Andr\u00e9s Sinisterra Alvarez<br \/>\n <span style=\"font-size: 10pt; color: #808080;\">C\u00e9dula: (eeeh, tampoco!)<\/span><br \/>\n <span style=\"font-size: 10pt; color: #808080;\"> Director, Editor, Publicador y Poseedor Espori\u00f3dico El Tachenko<\/span><br \/>\n <span style=\"font-size: 10pt; color: #808080;\"> Para los conocidos: El Director<\/span><br \/>\n <span style=\"font-size: 10pt; color: #808080;\"> Para los amigos: Director<\/span><br \/>\n <span style=\"font-size: 10pt; color: #808080;\"> Para los \u00edntimos: DIII...<\/span><\/p>\n<\/div><\/div>","protected":false},"excerpt":{"rendered":"<p>Su Merc\u00e9 El Director Por: El Director Nombre: Juan Andr\u00e9s Sinisterra A.K.A.: \u201cEl Director\u201d Profesi\u00f3n: Publicista Afici\u00f3n: Computadores Jovy: Computadores Pasatiempo: Computadores \u00bfTrabaja?: S\u00ed \u00bfCon Que?: Con Computadores! Ahora no vaja creer que yo nac\u00ed boqueto, boquinche, labiempinao o con la jeta torcida. No su merc\u00e9, yo desde ni\u00f1o siempre fui un querub\u00edn; la foto [&hellip;]<\/p>\n","protected":false},"author":1,"featured_media":0,"parent":7,"menu_order":0,"comment_status":"closed","ping_status":"closed","template":"templates\/full-page.php","meta":{"footnotes":""},"class_list":["post-106","page","type-page","status-publish","hentry"],"_links":{"self":[{"href":"https:\/\/tachenko.com\/etachenko\/wp-json\/wp\/v2\/pages\/106","targetHints":{"allow":["GET"]}}],"collection":[{"href":"https:\/\/tachenko.com\/etachenko\/wp-json\/wp\/v2\/pages"}],"about":[{"href":"https:\/\/tachenko.com\/etachenko\/wp-json\/wp\/v2\/types\/page"}],"author":[{"embeddable":true,"href":"https:\/\/tachenko.com\/etachenko\/wp-json\/wp\/v2\/users\/1"}],"replies":[{"embeddable":true,"href":"https:\/\/tachenko.com\/etachenko\/wp-json\/wp\/v2\/comments?post=106"}],"version-history":[{"count":53,"href":"https:\/\/tachenko.com\/etachenko\/wp-json\/wp\/v2\/pages\/106\/revisions"}],"predecessor-version":[{"id":1288,"href":"https:\/\/tachenko.com\/etachenko\/wp-json\/wp\/v2\/pages\/106\/revisions\/1288"}],"up":[{"embeddable":true,"href":"https:\/\/tachenko.com\/etachenko\/wp-json\/wp\/v2\/pages\/7"}],"wp:attachment":[{"href":"https:\/\/tachenko.com\/etachenko\/wp-json\/wp\/v2\/media?parent=106"}],"curies":[{"name":"wp","href":"https:\/\/api.w.org\/{rel}","templated":true}]}}